 factors of 15472.
2, 967
List the prime factors of 4361980.
2, 5, 7, 4451
What are the prime factors of 1130576?
2, 19, 3719
List the prime factors of 290101.
7, 41443
What are the prime factors of 4379018?
2, 7, 479, 653
List the prime factors of 4767541.
1723, 2767
What are the prime factors of 18107186?
2, 9053593
List the prime factors of 353354.
2, 176677
What are the prime factors of 366598?
2, 183299
What are the prime factors of 15476556?
2, 3, 1289713
List the prime factors of 63628.
2, 15907
List the prime factors of 379643.
11, 34513
List the prime factors of 45226.
2, 22613
List the prime factors of 2801.
2801
What are the prime factors of 6928803?
3, 7, 109, 1009
What are the prime factors of 1741945?
5, 348389
What are the prime factors of 8804193?
3, 23, 127597
What are the prime factors of 2072428?
2, 43, 12049
What are the prime factors of 22904088?
2, 3, 313, 3049
List the prime factors of 17009009.
19, 895211
List the prime factors of 852185.
5, 41, 4157
List the prime factors of 486165.
3, 5, 32411
List the prime factors of 5985624.
2, 3, 461, 541
List the prime factors of 353886.
2, 3, 13, 349
List the prime factors of 8692842.
2, 3, 19, 76253
What are the prime factors of 11642041?
19, 47, 13037
What are the prime factors of 9527691?
3, 3175897
List the prime factors of 234337.
89, 2633
What are the prime factors of 83494?
2, 109, 383
List the prime factors of 294986.
2, 79, 1867
List the prime factors of 699846.
2, 3, 7, 19, 877
What are the prime factors of 3140695?
5, 628139
List the prime factors of 148605.
3, 5, 9907
List the prime factors of 471805.
5, 127, 743
List the prime factors of 227730.
2, 3, 5, 7591
List the prime factors of 21138789.
3, 7, 1006609
List the prime factors of 8295915.
3, 5, 17, 32533
List the prime factors of 342680.
2, 5, 13, 659
List the prime factors of 1509487.
7, 223, 967
What are the prime factors of 331450?
2, 5, 7, 947
List the prime factors of 2124711.
3, 17, 1543
List the prime factors of 3556371.
3, 7, 13, 1861
What are the prime factors of 458669?
458669
List the prime factors of 108781.
181, 601
List the prime factors of 2829987.
3, 383, 821
What are the prime factors of 1812477?
3, 31, 19489
List the prime factors of 20305942.
2, 1151, 8821
What are the prime factors of 4715976?
2, 3, 196499
List the prime factors of 550702.
2, 227, 1213
What are the prime factors of 5106885?
3, 5, 7, 17, 2861
List the prime factors of 100891.
7, 29, 71
What are the prime factors of 1336307?
7, 190901
What are the prime factors of 432750?
2, 3, 5, 577
What are the prime factors of 7009113?
3, 223, 10477
What are the prime factors of 1402046?
2, 701023
List the prime factors of 1006113.
3, 151, 2221
What are the prime factors of 403969?
403969
What are the prime factors of 7871473?
7871473
What are the prime factors of 132347?
132347
List the prime factors of 1454533.
1454533
List the prime factors of 382694.
2, 13, 41, 359
What are the prime factors of 1359508?
2, 71, 4787
List the prime factors of 8999039.
7, 433, 2969
What are the prime factors of 2326489?
11, 211499
List the prime factors of 292193.
11, 101, 263
What are the prime factors of 436252?
2, 109063
List the prime factors of 1561860.
2, 3, 5, 8677
What are the prime factors of 972461?
7, 138923
List the prime factors of 13544746.
2, 23, 277, 1063
List the prime factors of 1704486.
2, 3, 7, 40583
What are the prime factors of 6806328?
2, 3, 41, 6917
What are the prime factors of 40213?
40213
List the prime factors of 6900999.
3, 7, 328619
List the prime factors of 19012137.
3, 17, 113, 3299
What are the prime factors of 29472326?
2, 13, 1133551
What are the prime factors of 1926828?
2, 3, 19, 313
List the prime factors of 15944.
2, 1993
What are the prime factors of 5383398?
2, 3, 31, 103, 281
List the prime factors of 169036.
2, 7, 6037
What are the prime factors of 19476721?
11, 43, 41177
What are the prime factors of 192583?
192583
What are the prime factors of 1687377?
3, 562459
List the prime factors of 3297489.
3, 13, 84551
What are the prime factors of 8886513?
3, 683, 4337
List the prime factors of 833942.
2, 43, 9697
What are the prime factors of 101842?
2, 13, 3917
What are the prime factors of 24351?
3, 8117
What are the prime factors of 3481411?
53, 65687
List the prime factors of 379333.
379333
List the prime factors of 246616.
2, 29, 1063
What are the prime factors of 59252?
2, 14813
What are the prime factors of 2118361?
7, 37, 8179
What are the prime factors of 42106?
2, 37, 569
List the prime factors of 1471070.
2, 5, 147107
What are the prime factors of 6775528?
2, 653, 1297
What are the prime factors of 9562513?
83, 115211
What are the prime factors of 141032?
2, 17, 61
What are the prime factors of 61651?
61651
List the prime factors of 374075.
5, 13, 1151
List the prime factors of 313137.
3, 11, 3163
What are the prime factors of 100096?
2, 17, 23
What are the prime factors of 154075?
5, 6163
What are the prime factors of 5132396?
2, 1283099
What are the prime factors of 295589?
7, 42227
What are the prime factors of 116497?
97, 1201
What are the prime factors of 55751?
197, 283
What are the prime factors of 877824?
2, 3, 127
What are the prime factors of 199463?
11, 18133
What are the prime factors of 859971?
3, 7, 31, 1321
What are the prime factors of 38102358?
2, 3, 7, 907199
What are the prime factors of 654198?
2, 3, 107, 1019
What are the prime factors of 1096070?
2, 5, 43, 2549
List the prime factors of 460551.
3, 7, 13, 241
What are the prime factors of 172600?
2, 5, 863
List the prime factors of 163372.
2, 11, 47, 79
List the prime factors of 4745.
5, 13, 73
What are the prime factors of 60758?
2, 17, 1787
List the prime factors of 37551338.
2, 11, 443, 3853
What are the prime factors of 1814393?
7, 17, 79, 193
What are the prime factors of 869113?
7, 17737
What are the prime factors of 268672?
2, 2099
What are the prime factors of 7884206?
2, 11, 358373
What are the prime factors of 51194?
2, 11, 13, 179
List the prime factors of 869697.
3, 1193
What are the prime factors of 258235?
5, 51647
What are the prime factors of 729569?
729569
List the prime factors of 1178156.
2, 7, 6011
What are the prime factors of 17634130?
2, 5, 1763413
List the prime factors of 3019614.
2, 3, 13, 38713
List the prime factors of 3405371.
3405371
List the prime factors of 7461842.
2, 113, 137, 241
What are the prime factors of 980568?
2, 3, 13619
What are the prime factors of 69384?
2, 3, 7, 59
What are the prime factors of 6283285?
5, 17, 29, 2549
What are the prime factors of 145921?
337, 433
List the prime factors of 123879.
3, 7, 17, 347
What are the prime factors of 82101?
3, 27367
What are the prime factors of 1148104?
2, 143513
What are the prime factors of 4532891?
11, 412081
List the prime factors of 27073971.
3, 3008219
List the prime factors of 83738.
2, 149, 281
List the prime factors of 495436.
2, 29, 4271
What are the prime factors of 11893929?
3, 43, 137, 673
What are the prime factors of 1951341?
3, 7, 92921
What are the prime factors of 5430254?
2, 23, 97, 1217
List the prime factors of 22817841.
3, 19, 400313
List the prime factors of 236489.
11, 21499
List the prime factors of 5008811.
5008811
List the prime factors of 168474.
2, 3, 43, 653
What are the prime factors of 2323312?
2, 145207
List the prime factors of 222480.
2, 3, 5, 103
What are the prime factors of 100013?
103, 971
What are the prime factors of 38293?
149, 257
List the prime factors of 3344180.
2, 5, 7, 23887
What are the prime factors of 322960?
2, 5, 11, 367
What are the prime factors of 639940?
2, 5, 7, 653
List the prime factors of 109301.
29, 3769
List the prime factors of 2353211.
7, 379, 887
What are the prime factors of 3578014?
2, 11, 103, 1579
What are the prime factors of 136677?
3, 29, 1571
What are the prime factors of 87985?
5, 17597
List the prime factors of 5630928.
2, 3, 73, 1607
What are the prime factors of 435102?
2, 3, 127, 571
What are the prime factors of 3523715?
5, 13, 23, 2357
List the prime factors of 3229613.
83, 167, 233
List the prime factors of 19349096.
2, 13, 186049
What are the prime factors of 536907?
3, 7, 37, 691
What are the prime factors of 6533328?
2, 3, 136111
What are the prime factors of 27